he remainder when d is divided by 18?
15
What is the remainder when 721 is divided by (3 + -7)/(((-120)/267)/10)?
9
Suppose z + 2077 = 5*n + 2174, -3*z - 2*n = -223. Let j = 725 - 343. What is the remainder when j is divided by z?
74
Let y = 642 + 1153. Calculate the remainder when y is divided by 18.
13
Let g = -3162 - -3169. What is the remainder when 1754 is divided by g?
4
Let o = 18774 + -18694. Calculate the remainder when 2965 is divided by o.
5
Calculate the remainder when 339 is divided by (-716)/(-4) + -147 + 132.
11
Suppose s = 2*l + l - 300, s + 3 = 0. Suppose -3*m = -4*j + 5*j - 75, -4*m + l = j. Let q = -162 + 280. What is the remainder when q is divided by m?
22
Suppose -249*o + 45*o + 8183 = -13237. Let a(f) = -f**3 - f**2 + 3*f - 4. Calculate the remainder when o is divided by a(-4).
9
Suppose 7*a + 9*a - 512 = 0. Suppose -1149 = 2*f - 5*f. What is the remainder when f is divided by a?
31
What is the remainder when (19/((-570)/(-108)))/((-12)/(-5600)) is divided by 24?
0
Let n(s) = 25*s + 2113. What is the remainder when n(-64) is divided by 169?
6
Let a(j) = -j**3 - 2*j**2 + 10*j + 34. Suppose -k = 2*k - 27. Suppose k*l + 228 = 12*l. What is the remainder when l is divided by a(-3)?
11
Let j(q) = -q**3 + 6*q**2 - 6*q + 5. Let g be j(5). Let l = 16 + g. Suppose -146*u + 31237 = 26711. What is the remainder when u is divided by l?
15
Let o(t) = -t**2 + 116*t - 365. What is the remainder when o(111) is divided by 39?
34
Let v(p) = 438*p + 1941. Calculate the remainder when 2834 is divided by v(-4).
188
What is the remainder when 3577 is divided by (-112)/(-6)*(-13 - (-8 + -52) - -16)?
49
Let k be -3*12/(-9) - 7. Calculate the remainder when 142 is divided by (-1 + (-42)/k)*(3 - 2).
12
Let s be (2 - -5)/((-2)/(-2)). Suppose s*b = b + 54. Let z = -195 - -212. Calculate the remainder when z is divided by b.
8
Let q(a) = -3*a + 52. Let d be q(16). Let g be 7 + 0/((-5 - -2) + d). Suppose -g*t = -12*t + 140. What is the remainder when 52 is divided by t?
24
Let s = 4979 + -4956. Calculate the remainder when 8761 is divided by s.
21
Suppose 0 = -4*a + 93 + 283. Let b be 6 + 2 + -1 + 3. Calculate the remainder when a is divided by -3*b/(-9)*(-270)/(-36).
19
Suppose 0 = -3*o + 4*w + 20248, 33*w = -o + 34*w + 6751. What is the remainder when -10 - o/(-48) - 3/4 is divided by 57?
16
Suppose -30*s + 27*s = -k + 768, -2280 = -3*k + 5*s. What is the remainder when k is divided by 58?
54
What is the remainder when 785 is divided by ((-42)/(-4) + -10)*-18 - -27?
11
Suppose 14 = 2*n + 3*g, -n - 7*g = -10*g + 2. Suppose -3*p + 2206 = 4*d, 3*d + 0*d - n*p = 1642. What is the remainder when d is divided by 29?
28
Suppose 20242 = 118*x + 6584 - 15842. Calculate the remainder when x is divided by 85.
80
Let v(l) = -2520*l - 2486. What is the remainder when 175 is divided by v(-1)?
5
Suppose x - 4*d - 121 = 0, -d = 28*x - 33*x + 681. Suppose 144*q = x*q + 77. What is the remainder when 415 is divided by q?
8
What is the remainder when (3/(-5))/(340/(-50) + 7) - -432 is divided by 14?
9
Suppose 3*d + 883 = -a + 4318, 5*a = -3*d + 17211. Suppose 0*r - a = -12*r. What is the remainder when r is divided by 48?
47
Calculate the remainder when 870 is divided by -2 - (11914/(-444) - (-1)/(-6)).
20
Let w(j) = -j + 77*j**2 - 18*j**2 - 27*j**2 + j**3 - 26. Calculate the remainder when 23 is divided by w(-32).
5
Suppose -3*y + 97 = h, -4*y + 82 = 3*h - 39. Suppose -2*k + y = 4*n, k + 35 = 2*n - 4*k. What is the remainder when n is divided by 8?
2
Suppose 8*z = 7*z + 2*c + 5, 3*c = 4*z - 30. Calculate the remainder when 366 is divided by z.
6
Suppose 0 = -8*y + 10*y - 4*x - 1924, 0 = 2*x - 10. What is the remainder when 402 is divided by ((-5)/15)/((-4)/y)?
78
Suppose 168 = 2*c + 3*s - 2*s, 2*c + 3*s = 160. Suppose 4*v = -3*p + 108, 2*v = p - 6*p + 166. Calculate the remainder when c is divided by p.
22
Let m(i) = -i**2 + 16*i - 8. Let g be m(15). Let j(h) = -23 - 4*h + h**3 - 867*h**2 + 861*h**2 + 9. Calculate the remainder when 20 is divided by j(g).
6
Let n be (24/18)/(2/84). Suppose 324 - n = 4*h. What is the remainder when h is divided by 1340/95 - 4/38?
11
Let t(y) = -9*y + 52. Let s(h) = h**2 - h. Let a be s(0). What is the remainder when t(a) is divided by 14?
10
Let a(q) = q**2 - 73*q + 1300. Let z = -30 + 17. Let i(o) = o**2 + 10*o - 18. What is the remainder when a(27) is divided by i(z)?
16
Suppose -962 = -2*j + 3*z + 143, -2186 = -4*j - 2*z. Let l = 621 - j. Calculate the remainder when 435 is divided by l.
70
Suppose -3*k + 3*r = -5007, -11*k + 12*k = -6*r + 1725. Calculate the remainder when 5059 is divided by k.
28
Suppose 14 = -5*s - 56. What is the remainder when s/(-175)*10 + (-1386)/(-5) is divided by 14?
12
Suppose 0 = 19*w - 23*w + 100. Suppose -2*a = 5*u - 200, -21*u + 16*u = 5*a - 515. Calculate the remainder when a is divided by w.
5
Let i = -17 + 28. Suppose 3*h = 2*h - 10*h. Let r(p) = p**3 - p + 109. What is the remainder when r(h) is divided by i?
10
Let a(c) = -c**2 + 58*c - 795. What is the remainder when 106 is divided by a(24)?
1
Suppose -320 - 393 = -35*v + 197. Suppose -38 = -8*r + 282. Calculate the remainder when r is divided by v.
14
Calculate the remainder when 1591 is divided by (4/12)/(4 + 1866/(-468)).
5
Suppose 3*i - 12 = -3*j + 2*i, 2*j = 5*i - 9. Suppose -v + 208 = j*v. Let o(k) = k + 1. What is the remainder when v is divided by o(10)?
8
Let y be 8/6*(-294)/(-196). Suppose -3*x = -3*t - 81, 4*x = y*t + 59 + 39. Let r(i) = -4*i - 3. What is the remainder when x is divided by r(-3)?
4
Let u = -356 - -463. Suppose 9*l - 475 = -5*v + 4*l, u = v - 3*l. Calculate the remainder when v is divided by 41.
16
Suppose -4*p + 80 = 2*f - 1180, 3*p = 5*f + 919. What is the remainder when p is divided by 80?
73
Suppose 524 = 3*m - n - 4*n, -3*n + 6 = 0. Calculate the remainder when 28/(-28) + (m - 1) is divided by 36.
32
Let c(y) = 7*y + 58. What is the remainder when 4 - 2 - (1 - (-528)/(-4)) is divided by c(-7)?
7
Suppose 5*o = -m + 26, -9*m + 14*m - 30 = -5*o. Let h = 29 + m. What is the remainder when 118 is divided by h?
28
Let k(g) be the second derivative of -9*g**3 + 7*g**2/2 + 3*g - 10. Calculate the remainder when k(-1) is divided by 24.
13
Let i be (-3256)/(-10) + 5*10/125. Suppose -4*u - 444 + 97 = -5*o, i = 5*o + 3*u. Let p = -38 + o. Calculate the remainder when 83 is divided by p.
25
Let q = -36915 - -37115. Calculate the remainder when 10799 is divided by q.
199
Let g be (-64)/(-36) + (-3)/((-189)/14). What is the remainder when 221 is divided by (-11648)/(-156) - g/(-6)?
71
Suppose -4*n + 1017 = 3*f, 104*n - 107*n = -9. What is the remainder when f is divided by 19?
12
Suppose 8*t + 47*t - 110 = 0. Suppose 15 = 3*o - z, 2*o = -2*z + z + 15. Let v = o + 2. Calculate the remainder when v is divided by t.
0
Let f be ((-404)/6)/((-52)/(-78)). Let m = 183 + f. Let b = m - 52. What is the remainder when 52 is divided by b?
22
Let y(o) = 2*o**2 + 8*o - 37. Let f be y(-7). Suppose 2*g - 156 = f*d, 72 + 6 = g - 4*d. What is the remainder when g is divided by 27?
24
Suppose 16*k - 408 = -k. Let z = k + -8. Suppose 4*g = -3*c + 38, 2*c + 2*c - 44 = -2*g. What is the remainder when z is divided by c?
6
Suppose 0 = -4*p - k + 43, -4*p + 4*k + 8 + 20 = 0. Suppose p = z + 1. Let j(q) = q**3 - 4*q**2 + 2*q. Calculate the remainder when z is divided by j(4).
1
Let n(r) = -456*r**2 - 19*r. Let z be n(-1). Let j = z - -576. Calculate the remainder when j is divided by 10.
9
Suppose s - 11 = 2*t, 5*s - 38 + 4 = 3*t. Suppose 3*r + 164 = 4*i, 6*r + 200 = s*i + r. What is the remainder when i is divided by (-56)/(-336) + 1001/42?
20
Let b be ((-9)/(-12)*-11)/(9/(-24)). Suppose -4*j - 12*n = -10*n - 24, -4*j = n - b. What is the remainder when 71 is divided by j?
1
Let t = -13 - -16. Let b be (1 + 0)/(6/24). Suppose -3*a - 3 = -b*a. What is the remainder when t is divided by a?
0
Let y(u) = u**3 + 19*u**2 - 32*u + 251. What is the remainder when 661 is divided by y(-21)?
5
Let f = -46 + 48. Suppose 0*z + 42 = u + 3*z, -2*z = -f*u + 108. Suppose 2*w = -3*j + 32, -5*w - 4*j + 8 = -65. What is the remainder when u is divided by w?
12
Let h = -2697 - -2709. Let g = -11 + 16. Suppose -6*m = -g*m - h. Calculate the remainder when 20 is divid